45220
In base 11, what is -8277 + -18?
-8294
In base 9, what is -678 - -87?
-581
In base 11, what is -12a614 - 5?
-12a619
In base 8, what is -151 - -23?
-126
In base 2, what is 1010010101010000 + 100?
1010010101010100
In base 9, what is -111 + -337?
-448
In base 9, what is 23630 + -4?
23625
In base 15, what is 45 + -2d1?
-28b
In base 12, what is 0 + -282a?
-282a
In base 9, what is 6844653 - 0?
6844653
In base 8, what is 1307 - 1373?
-64
In base 6, what is -1143 - 4122?
-5305
In base 14, what is -5 + 278a1?
2789a
In base 13, what is -5 + -c20b?
-c213
In base 16, what is b1c - -28?
b44
In base 16, what is 49858 + -10?
49848
In base 8, what is -54643 + -7?
-54652
In base 7, what is -235 - 166?
-434
In base 4, what is 10111101 + -3?
10111032
In base 2, what is -101101110010 - 1111?
-101110000001
In base 9, what is -37065 + -1?
-37066
In base 3, what is -101111111 - 12?
-101111200
In base 9, what is -3 + -20453?
-20456
In base 9, what is -5736 + -7?
-5744
In base 2, what is 10110011000001 - -1?
10110011000010
In base 8, what is -502 - 26144?
-26646
In base 10, what is 138 + 5591?
5729
In base 14, what is -25bd + -27?
-2606
In base 13, what is -1136 + 63?
-10a3
In base 10, what is -2473 - 7?
-2480
In base 14, what is -229 - -19d?
-6a
In base 11, what is -32792 - -1?
-32791
In base 16, what is -3 + -337e?
-3381
In base 6, what is 12440510 + 2?
12440512
In base 8, what is -237466 + 4?
-237462
In base 12, what is -648 + 1a6?
-462
In base 2, what is -101 + -1001100001100111110?
-1001100001101000011
In base 15, what is -7 + 74?
6c
In base 16, what is -34 - a223?
-a257
In base 13, what is 14b0 + -2?
14ab
In base 10, what is 7 + -42?
-35
In base 9, what is -36652 - 20?
-36672
In base 5, what is 44231 - -2032?
101313
In base 8, what is -222 - -137?
-63
In base 8, what is 1175 - 603?
372
In base 5, what is -13340401 - -3?
-13340343
In base 12, what is -47 + 7a17?
7990
In base 12, what is -4 - 1a361?
-1a365
In base 2, what is -11110001 - 11011?
-100001100
In base 8, what is 1273 - -46?
1341
In base 2, what is -1010101 + -101000100?
-110011001
In base 7, what is -301 - 1335?
-1636
In base 12, what is 272509 - 4?
272505
In base 14, what is 2c + d684?
d6b2
In base 4, what is 201 + 301113102?
301113303
In base 6, what is -2020452 + 5?
-2020443
In base 15, what is 4 + e3ac?
e3b1
In base 11, what is -235 + 22?
-213
In base 9, what is -1088 - -6?
-1082
In base 13, what is -1 - -579c?
579b
In base 9, what is -55 + 2437?
2372
In base 7, what is 6 - -4425?
4434
In base 13, what is 4 - 36788?
-36784
In base 13, what is 2b8c - -17a?
3039
In base 14, what is 3 + 1a45d?
1a462
In base 5, what is 323 - 14423?
-14100
In base 5, what is -2431 - -10324?
2343
In base 6, what is 121343 + -123?
121220
In base 10, what is -2 - 614058?
-614060
In base 11, what is 1591a + 0?
1591a
In base 16, what is -8df - 5?
-8e4
In base 12, what is 1545b + -1?
1545a
In base 7, what is -440445 + 2?
-440443
In base 10, what is 6 - 7690?
-7684
In base 9, what is -2378 - -35?
-2343
In base 16, what is 6 - -dc0?
dc6
In base 16, what is 5610 + -9?
5607
In base 12, what is -1288b - 0?
-1288b
In base 16, what is 1521 + -1?
1520
In base 4, what is 31 + 1332103?
1332200
In base 15, what is 2158 + 1b?
2174
In base 3, what is 12000111 - -201?
12001012
In base 14, what is -a44a - 2?
-a44c
In base 7, what is 23 - 103611?
-103555
In base 3, what is -12 + 212120022?
212120010
In base 7, what is -155016 + -25?
-155044
In base 3, what is -11222 - 121102122?
-121121121
In base 3, what is 1021111021210 + 11?
1021111021221
In base 9, what is -315583 - 5?
-315588
In base 4, what is -123320 + -3?
-123323
In base 9, what is -51552 - 72?
-51634
In base 11, what is 11093 - a3?
10aa0
In base 2, what is 0 + -111011100111111011001?
-111011100111111011001
In base 3, what is 2 + 1212022210?
1212022212
In base 3, what is -20101002111 - 10?
-20101002121
In base 3, what is -120220 - -10001110?
2110120
In base 5, what is 11 + -402331?
-402320
In base 5, what is 221 - -10302?
11023
In base 16, what is 14886 - 2?
14884
In base 3, what is -1121221202 + 0?
-1121221202
In base 12, what is 7a11 - 0?
7a11
In base 5, what is -2202032 + -332?
-2202414
In base 15, what is 0 + -3a373?
-3a373
In base 2, what is 1101000110101100 - 1?
1101000110101011
In base 10, what is 25780 - 201?
25579
In base 8, what is 603 + 12224?
13027
In base 15, what is -328 + da?
-23d
In base 8, what is -161216 + -1?
-161217
In base 7, what is -5 - -146661?
146653
In base 4, what is -23 + -3313312?
-3320001
In base 7, what is -2114340 + -2?
-2114342
In base 10, what is -6924 + 33?
-6891
In base 5, what is -2 + 3131412?
3131410
In base 6, what is -114123 - -1222?
-112501
In base 12, what is 4482 - -29?
44ab
In base 13, what is 2a0461 - -5?
2a0466
In base 3, what is -2202 + -21101?
-101010
In base 2, what is -10 + 110001011010001?
110001011001111
In base 13, what is 54a - 213?
337
In base 15, what is 1e9 + -37b?
-182
In base 7, what is 3 - 211?
-205
In base 16, what is 2 + -4d?
-4b
In base 5, what is 23430 + 0?
23430
In base 8, what is -14 + -4561?
-4575
In base 14, what is -72a2c - -3?
-72a29
In base 9, what is -12437 - 4?
-12442
In base 9, what is -44258 + 73?
-44175
In base 9, what is -870560 + -1?
-870561
In base 4, what is 220021 - 310?
213111
In base 2, what is -100111 - 11111110111?
-100000011110
In base 13, what is -1 - 18c698?
-18c699
In base 10, what is 489188 - -5?
489193
In base 9, what is 1 - -2716?
2717
In base 11, what is -36184 + 4?
-36180
In base 10, what is -24 + -60329?
-60353
In base 5, what is -2 + 21144?
21142
In base 8, what is 2 + -20307?
-20305
In base 6, what is 132344 + 3?
132351
In base 5, what is -10 - 43123232?
-43123242
In base 4, what is -3102300 + -12133?
-3121033
In base 7, what is -3 + 1366264?
1366261
In base 2, what is 11011000000110101 + 111?
11011000000111100
In base 7, what is -5424 + -31?
-5455
In base 11, what is -1 - -472aa3?
472aa2
In base 3, what is 2 + 112021221?
112022000
In base 4, what is -2230 - 310011?
-312301
In base 2, what is -10001111101011 - -111111?
-10001110101100
In base 6, what is -105001 + -5?
-105010
In base 5, what is 3 + -10141134?
-10141131
In base 9, what is -4 - 7141?
-7145
In base 3, what is -210001112122 - 2?
-210001112201
In base 2, what is 10011010 + -10101001111?
-10010110101
In base 12, what is -276a0 + 6?
-27696
In base 8, what is 1102 - -211?
1313
In base 14, what is -112d8 - -3?
-112d5
In base 16, what is -4 - -81f?
81b
In base 6, what is -43431 + -1?
-43432
In base 16, what is 5b0c - 1?
5b0b
In base 5, what is 320021 - 40?
314431
In base 7, what is 5 - -14556?
14564
In base 2, what is 110000110000110 - -10?
110000110001000
In base 6, what is 1 + 311235?
311240
In base 7, what is -450256 + 4?
-450252
In base 15, what is 2a04b9 + 2?
2a04bb
In base 8, what is 161222 + -1?
161221
In base 5, what is 400 + 144334?
200234
In base 3, what is -200112012211 - -2?
-200112012202
In base 16, what is -10 + 137?
127
In base 9, what is -1330 + 67?
-1252
In base 7, what is -6210 - 2?
-6212
In base 10, what is -2866 + 328?
-2538
In base 12, what is 4 + -61403?
-613bb
In base 11, what is -4 - -a3042?
a3039
In base 3, what is -100011200 - 1?
-100011201
In base 16, what is 8f1c - -2?
8f1e
In base 4, what is 3332 + -20100?
-10102
In base 6, what is -221 - -1040?
415
In base 12, what is -64 + -3b57?
-3bbb
In base 13, what is 13b57 - 3?
13b54
In base 13, what is 54 - -1cc3?
2047
In base 2, what is -10000000 + 1001?
-1110111
In base 12, what is 1a0169 + -5?
1a0164
In base 15, what is 22e5b - 0?
22e5b
In base 8, what is 22563 - -4?
22567
In base 10, what is -581 - -223?
-358
In base 8, what is -3 - 136371?
-136374
In base 6, what is 33442 - 14?
33424
In base 8, what is 32 - -45?
77
In base 12, what is -5 + -2b8a?
-2b93
In base 11, what is -16867 - 3?
-1686a
In base 3, what is 11 + -100122000010?
-100121222222
In base 6, what is -1345350 - -3?
-1345343
In base 14, what is -c371 + -5?
-c376
In base 9, what is 314066 - 4?
314062
In base 16, what is -1d7d8 + 0?
-1d7d8
In base 14, what is -c - -2d54?
2d46
In base 8, what is -3 - 2605?
-2610
In base 10, what is -301 + 883?
582
In base 13, what is -12 + 108?
c6
In base 5, what is 1 + -214040?
-214034
In base 7, what is 0 + 5400?
5400
In base 11, what is -11 - 4621?
-4632
